173 composite?
True
Is 624391 a composite number?
False
Is 5905 composite?
True
Is 20417 composite?
True
Is 859361 a prime number?
True
Is 8287 composite?
False
Is 869983 composite?
False
Is 371 composite?
True
Is 1191 a composite number?
True
Is 2017 composite?
False
Is 241807 a composite number?
False
Is 254894 prime?
False
Is 7471 prime?
False
Is 163811 composite?
False
Is 171383 composite?
False
Is 1662281 a composite number?
False
Is 10207 a composite number?
True
Is 50581 a composite number?
False
Is 26191 a composite number?
True
Is 28429 a composite number?
False
Is 213713 a prime number?
True
Is 9267 prime?
False
Is 509477 a prime number?
True
Is 23531 a prime number?
True
Is 24139 composite?
True
Is 31469 composite?
False
Is 5879 composite?
False
Is 44761 prime?
False
Is 7343 a prime number?
False
Is 1711 composite?
True
Is 612785 prime?
False
Is 125467 a composite number?
True
Is 7727 a composite number?
False
Is 22613 composite?
False
Is 48385 a prime number?
False
Is 140891 composite?
False
Is 88771 a prime number?
True
Is 92623 a prime number?
True
Is 27623 a prime number?
False
Is 3707 a prime number?
False
Is 70049 prime?
False
Is 1340861 prime?
True
Is 1631 a prime number?
False
Is 27139 a prime number?
False
Is 926767 a prime number?
True
Is 199151 prime?
True
Is 49189 composite?
True
Is 320141 prime?
True
Is 79531 a composite number?
False
Is 2848141 prime?
True
Is 21961 a composite number?
False
Is 11057 prime?
True
Is 9689 a composite number?
False
Is 10243 composite?
False
Is 41281 composite?
False
Is 10289 a composite number?
False
Is 270403 a composite number?
True
Is 7697 a composite number?
True
Is 131259 a prime number?
False
Is 77258 a prime number?
False
Is 25001 composite?
True
Is 136237 a composite number?
False
Is 19571 prime?
True
Is 732187 a prime number?
True
Is 1377923 a composite number?
False
Is 403387 a composite number?
False
Is 1467307 composite?
False
Is 1536157 prime?
False
Is 99859 composite?
False
Is 12437 prime?
True
Is 16945 a composite number?
True
Is 13402 composite?
True
Is 38219 prime?
True
Is 203339 composite?
False
Is 395 composite?
True
Is 13339 a prime number?
True
Is 6973 prime?
False
Is 25693 a prime number?
True
Is 115421 prime?
True
Is 317 composite?
False
Is 52763 a composite number?
True
Is 6617 composite?
True
Is 922891 prime?
False
Is 642071 a composite number?
False
Is 100187 composite?
True
Is 268417 prime?
False
Is 2171183 prime?
False
Is 449 a prime number?
True
Is 50763 prime?
False
Is 10991 a composite number?
True
Is 333821 a composite number?
False
Is 34823 composite?
True
Is 36833 a composite number?
False
Is 6359 a prime number?
True
Is 980491 prime?
True
Is 439613 composite?
False
Is 85679 prime?
False
Is 50261 prime?
True
Is 77797 a composite number?
False
Is 7451 prime?
True
Is 15109 prime?
False
Is 12147 composite?
True
Is 1145 a prime number?
False
Is 64299 a prime number?
False
Is 142691 a prime number?
False
Is 529 composite?
True
Is 241909 composite?
True
Is 15817 a prime number?
True
Is 857471 a prime number?
True
Is 1054853 a prime number?
True
Is 2761 prime?
False
Is 58211 composite?
False
Is 2339 composite?
False
Is 613543 prime?
False
Is 37781 composite?
False
Is 361747 prime?
True
Is 7361 a prime number?
False
Is 138022 composite?
True
Is 810107 prime?
False
Is 14579 prime?
False
Is 1909 composite?
True
Is 8501 composite?
False
Is 56983 prime?
True
Is 13649 prime?
True
Is 6197 a composite number?
False
Is 15177 composite?
True
Is 65467 a composite number?
True
Is 402419 composite?
False
Is 315517 composite?
False
Is 35539 prime?
False
Is 22237 a prime number?
False
Is 19369 a prime number?
False
Is 49499 composite?
False
Is 21557 a composite number?
False
Is 46639 composite?
False
Is 21787 a composite number?
False
Is 22915 composite?
True
Is 44263 a composite number?
False
Is 3085 prime?
False
Is 12605 a composite number?
True
Is 248191 prime?
False
Is 6121 a prime number?
True
Is 18429 composite?
True
Is 12227 prime?
True
Is 50683 composite?
False
Is 127481 a composite number?
False
Is 6433 prime?
False
Is 30601 prime?
False
Is 7079979 a composite number?
True
Is 426013 a composite number?
True
Is 97711 a prime number?
True
Is 14914 a prime number?
False
Is 7069 prime?
True
Is 591797 a prime number?
False
Is 2206199 a composite number?
True
Is 649721 a prime number?
False
Is 772309 a composite number?
True
Is 16621 composite?
True
Is 1191 a composite number?
True
Is 1139 composite?
True
Is 238291 composite?
False
Is 281509 prime?
True
Is 1534727 a composite number?
False
Is 47577 a composite number?
True
Is 3493 a composite number?
True
Is 13157 a prime number?
False
Is 184957 a composite number?
False
Is 22121 composite?
True
Is 695273 a prime number?
False
Is 148949 prime?
True
Is 1217 composite?
False
Is 6841 a composite number?
False
Is 330029 prime?
False
Is 14489 composite?
False
Is 8117 a prime number?
True
Is 27659 composite?
True
Is 35339 a composite number?
False
Is 2017 a composite number?
False
Is 225311 a composite number?
True
Is 1109 composite?
False
Is 727169 a composite number?
False
Is 187703 prime?
False
Is 3079 prime?
True
Is 6067 composite?
False
Is 276005 composite?
True
Is 10942 a composite number?
True
Is 919301 composite?
False
Is 6599 a prime number?
True
Is 18637 a prime number?
True
Is 3163 composite?
False
Is 381599 composite?
True
Is 480731 a composite number?
False
Is 317 composite?
False
Is 11579 prime?
True
Is 6719 prime?
True
Is 285871 prime?
True
Is 152777 composite?
False
Is 37517 a composite number?
False
Is 4201 a prime number?
True
Is 1959161 composite?
False
Is 22915 prime?
False
Is 166 a prime number?
False
Is 38813 a composite number?
True
Is 6849151 a composite number?
False
Is 410813 prime?
False
Is 1915 prime?
False
Is 10817 composite?
True
Is 750647 composite?
True
Is 39469 prime?
False
Is 19529 a composite number?
True
Is 13669 a composite number?
False
Is 143245 prime?
False
Is 344417 a prime number?
True
Is 551753 a composite number?
False
Is 2084366 a prime number?
False
Is 2361 a prime number?
False
Is 12053 a prime number?
False
Is 1108903 a prime number?
True
Is 6017 composite?
True
Is 65451 composite?
True
Is 18931 a composite number?
True
Is 27505 composite?
True
Is 4849 a prime number?
False
Is 699581 a composite number?
False
Is 7318 prime?
False
Is 247873 composite?
False
Is 6487 composite?
True
Is 10717 a prime number?
False
Is 481043 a composite number?
False
Is 40487 prime?
True
Is 10561 prime?
False
Is 6434 composite?
True
Is 252607 composite?
False
Is 89051 a prime number?
True
Is 213821 a composite number?
False
Is 63029 composite?
False
Is 8879 a composite number?
True
Is 39419 prime?
True
Is 287537 a composite number?
False
Is 48071 prime?
False
Is 3293 a prime number?
False
Is 114991 a composite number?
True
Is 647327 a composite number?
False
Is 366935 prime?
False
Is 87413 prime?
False
Is 9127 a prime number?
True
Is 1574167 composite?
True
Is 51609 a prime number?
False
Is 47665 composite?
True
Is 38939 a prime number?
False
Is 515249 composite?
True
Is 39085 composite?
True
Is 939157 prime?
True
Is 4194337 composite?
True
Is 8419 a prime number?
True
Is 119809 a composite number?
False
Is 17953 a prime number?
False
Is 4009 a composite number?
True
Is 38803 a composite number?
False
Is 5129 prime?
False
Is 127923 prime?
False
Is 16535 a composite number?
True
Is 113281 prime?
False
Is 299603 a prime number?
True
Is 335 a prime number?
False
Is 677 a prime number?
True
Is 2715655 a prime number?
False
Is 170179 a prime number?
True
Is 1399 a composite number?
False
Is 4303 a prime number?
False
Is 6122 composite?
True
Is 199207 composite?
False
Is 16867 a composite number?
True
Is 22373 prime?
False
Is 63083 a composite number?
True
Is 24995 composite?
True
Is 7369 composite?
False
Is 1927 prime?
False
Is 2861 a composite number?
False
Is 78301 composite?
False
Is 62459 a composite number?
False
Is 16217 prime?
True
Is 8545 composite?
True
Is 84757 a prime number?
False
Is 3943 a composite number?
False
Is 62121 a composite number?
True
Is 123559 a composite number?
True
Is 8843 prime?
False
Is 2917633 a prime number?
True
Is 38487 a composite number?
True
Is 267929 composite?
False